is -12112022121 (base 3) in base 4?
-122210311
Convert 5a1347 (base 11) to base 16.
e8c42
13101021 (base 4) to base 7
152535
2015500 (base 9) to base 11
673593
What is -a2dc0c (base 16) in base 10?
-10673164
What is 45143616 (base 7) in base 9?
7318656
21212111011020 (base 3) to base 11
23a7320
Convert 32901 (base 12) to base 13.
2462b
-272275 (base 10) to base 16
-42793
What is -22102020120122 (base 3) in base 6?
-235511325
Convert 7431692 (base 10) to base 7.
120111512
What is 19bab6 (base 15) in base 13?
34c047
What is 19e1ca (base 15) in base 12?
50a861
Convert -200166524 (base 7) to base 2.
-101100000111000010000000
What is 394c (base 15) in base 5?
342342
What is 2423123 (base 7) in base 6?
10335515
-11220012121 (base 3) to base 15
-1d854
What is -634331 (base 8) in base 14?
-56d4d
What is -166073 (base 12) in base 13?
-105858
-100131333 (base 4) to base 3
-10102112100
1118471 (base 10) to base 12
45b31b
-201100002122 (base 3) to base 2
-1011100111011000001
Convert -124b40 (base 12) to base 7.
-2353164
Convert 1121020212 (base 3) to base 14.
b6c4
What is -100313230 (base 5) in base 13?
-110722
-6435 (base 9) to base 5
-122410
What is 100222022112 (base 3) in base 15?
3d28b
What is 1010101000011000000 (base 2) in base 6?
11244424
-4364316 (base 8) to base 3
-2012122000202
Convert 157308 (base 9) to base 16.
17bb8
Convert 101010010010010110001 (base 2) to base 16.
1524b1
45140354 (base 6) to base 3
2120101222021
What is -15030 (base 7) in base 2?
-1000000101001
Convert -265416 (base 11) to base 14.
-ac012
1486706 (base 9) to base 13
22b711
What is 2362570 (base 9) in base 4?
10320310221
What is 174431 (base 9) in base 4?
122123110
Convert -421765 (base 10) to base 3.
-210102112221
What is 1ada535 (base 14) in base 5?
11414420101
223424240 (base 5) to base 16
f3d27
-10100100221002 (base 3) to base 13
-4a37b9
Convert -211121342 (base 5) to base 13.
-24a494
What is 100101110011110101110000 (base 2) in base 6?
552235200
What is 35bb529 (base 12) in base 8?
47672061
Convert -523532 (base 6) to base 8.
-122520
-101001010000110001 (base 2) to base 5
-20402014
What is -370a5 (base 13) in base 6?
-2100301
Convert -31656 (base 11) to base 13.
-17c58
1702888 (base 10) to base 9
3174827
Convert 12610551 (base 7) to base 8.
4336175
Convert 28326 (base 9) to base 5.
1103341
Convert 10267 (base 13) to base 14.
a7c4
What is -420458 (base 9) in base 11?
-160666
1201002012211 (base 3) to base 8
3353431
What is -114211 (base 7) in base 16?
-50ce
What is a7975 (base 15) in base 9?
1000702
Convert -14423330 (base 5) to base 9.
-255354
Convert -89541 (base 11) to base 8.
-375335
Convert -83611c (base 13) to base 5.
-1241210103
What is -514167 (base 8) in base 10?
-170103
Convert -26820 (base 12) to base 11.
-36917
What is 11101011001100100001 (base 2) in base 13?
279649
282527 (base 10) to base 4
1010332133
-220104423 (base 5) to base 10
-941238
353687 (base 12) to base 7
10164403
-b5704 (base 12) to base 3
-110002010111
Convert 682851 (base 11) to base 10.
1087120
What is 111141431 (base 5) in base 9?
826432
What is 74c66 (base 15) in base 16?
5a7ef
-211000202110 (base 3) to base 7
-3454035
What is -1bba (base 16) in base 15?
-2183
161336 (base 10) to base 8
473070
What is 906696 (base 10) in base 12?
378860
What is -473b9c (base 16) in base 2?
-10001110011101110011100
What is 5c3a7 (base 13) in base 10?
169813
What is -2330a8 (base 11) in base 3?
-200210201202
What is 18346885 (base 9) in base 2?
100011010000100101101011
What is -462444 (base 7) in base 3?
-11012020100
What is 162995a (base 12) in base 6?
241130154
3012120213 (base 4) to base 10
812583
Convert -233011 (base 7) to base 9.
-63364
56add (base 14) to base 6
4303243
What is 3867341 (base 9) in base 14?
3cd6ac
What is 1101545 (base 6) in base 14?
15dc5
Convert -678cd (base 16) to base 10.
-424141
-3ba4 (base 16) to base 14
-57c8
Convert -1635043 (base 7) to base 12.
-ab754
What is 1527754 (base 8) in base 6?
13220540
-1220412 (base 7) to base 16
-2626e
What is 12122200022110 (base 3) in base 13?
812b08
What is -342144003 (base 5) in base 12?
-614789
Convert -1725060 (base 8) to base 12.
-202840
Convert -2548e (base 15) to base 6.
-2315355
What is 2245543 (base 6) in base 14?
30063
What is 110010201000101 (base 3) in base 8?
30466032
-1000042204 (base 5) to base 2
-111011101100001011001
What is -1123062 (base 7) in base 10?
-140331
Convert -1240320112 (base 5) to base 9.
-5670127
What is -1428 (base 9) in base 13?
-650
Convert 961961 (base 10) to base 14.
1b07d7
What is -13312210203 (base 4) in base 8?
-7664443
What is -130042234 (base 5) in base 10?
-627819
372547 (base 8) to base 10
128359
Convert 1434131104 (base 5) to base 11.
2178295
Convert 1130208 (base 9) to base 5.
124012333
2221022202 (base 3) to base 10
57827
Convert 1020010012 (base 4) to base 5.
33421144
-72716 (base 13) to base 14
-54c83
Convert -80928 (base 11) to base 10.
-118247
Convert 307935 (base 11) to base 9.
832071
4c579 (base 14) to base 3
100112110002
Convert b3964 (base 15) to base 7.
4560145
What is -4200125 (base 7) in base 9?
-847658
Convert -10011110100001101 (base 2) to base 7.
-455430
Convert -468925 (base 10) to base 15.
-93e1a
What is -12200101012 (base 3) in base 12?
-54858
What is 176ceb (base 16) in base 15?
204d26
-ec71 (base 15) to base 5
-3100211
Convert 150eb (base 15) to base 14.
1a973
What is 110010000110110110 (base 2) in base 15?
40c28
Convert -123055534 (base 6) to base 11.
-1390609
Convert -2326616 (base 7) to base 16.
-47816
What is 13136222 (base 7) in base 5?
301441142
310112555 (base 6) to base 16
514e77
99469 (base 12) to base 5
22442313
What is -1571861 (base 9) in base 11?
-547757
What is 395e8 (base 16) in base 13?
82c59
What is 4073501 (base 8) in base 6?
35043505
What is c6bb (base 15) in base 16?
a42a
Convert 75410 (base 10) to base 8.
223222
Convert -812708 (base 9) to base 2.
-1110101011011011010
6399b (base 12) to base 9
218642
What is 12002020112 (base 3) in base 16?
186d1
What is -110000011100111100 (base 2) in base 8?
-603474
What is -de38d (base 15) in base 2?
-10101100011010000111
8810b (base 15) to base 8
1514154
What is 465618 (base 9) in base 3?
112012200122
3203220232 (base 4) to base 5
214314043
Convert 303520 (base 7) to base 6.
1035221
What is -132230112 (base 4) in base 14?
-33b5c
-2554316 (base 7) to base 6
-11045022
Convert 2af14 (base 16) to base 13.
620a2
What is 2313402332 (base 5) in base 16?
4f96df
What is -32314f (base 16) in base 14?
-618aab
10045457 (base 9) to base 6
251055254
What is -542829 (base 14) in base 11?
-1677178
-9663b5 (base 13) to base 6
-203331544
What is 12213112301 (base 4) in base 11?
a84913
1101001001001100 (base 2) to base 3
2201211221
-4522222 (base 6) to base 16
-37d06
Convert dd3b (base 16) to base 6.
1114111
What is 2cce2d (base 15) in base 9?
4066537
301322021 (base 4) to base 14
546db
Convert 130305522 (base 6) to base 3.
11210020202012
What is 530527 (base 14) in base 13?
772bb9
What is -27249 (base 14) in base 13?
-34bcb
2421350 (base 7) to base 16
4b28d
What is 12112021112 (base 3) in base 13?
3a6c1
Convert -57888 (base 12) to base 2.
-11100100100101000
What is -3698c5 (base 15) in base 8?
-11761733
Convert -11775266 (base 9) to base 4.
-112002202023
Convert 435758 (base 10) to base 5.
102421013
What is -2232020010 (base 4) in base 8?
-2561004
Convert -300974 (base 10) to base 8.
-1113656
486535 (base 12) to base 6
41043305
What is -22201021 (base 4) in base 10?
-43081
Convert 40395 (base 11) to base 9.
88870
-2210122221 (base 3) to base 11
-38495
-2501231 (base 7) to base 10
-319796
Convert 15113245 (base 6) to base 15.
a4e92
Convert -8cdc (base 14) to base 5.
-1240443
Convert -230200303110 (base 4) to base 6.
-1054033420
d06b (base 15) to base 3
2020022202
Convert 8f83b (base 16) to base 7.
4665543
Convert 1256906 (base 10) to base 2.
100110010110111001010
Convert 220103012 (base 4) to base 8.
502306
What is -23032132202 (base 4) in base 3?
-12112111212122
Convert d224 (base 15) to base 4.
22311013
42321202 (base 5) to base 15
700bc
What is -286338 (base 16) in base 8?
-12061470
What is -cbb5 (base 13) in base 11?
-1a352
What is -3b03a (base 14) in base 8?
-434114
510305541 (base 6) to base 12
2ab82b1
What is -3d73b1 (base 15) in b